0*w - 19. What are the prime factors of x(-19)?
3, 19
Let b(s) = 3*s. Let l be b(3). Let h = l + -1. List the prime factors of h.
2
Suppose 0 = -5*c - 5*z + 990, 0 = c - 4*c - 2*z + 598. List the prime factors of c.
2, 101
Let t = -55 - -96. What are the prime factors of t?
41
Let f be -59 + 4 + -4 - -2. What are the prime factors of 6/(-5)*1900/f?
2, 5
Let s(f) = -2 - 1 - 1 + 4*f. Let x(c) = 5*c - 4. Let z(i) = 6*s(i) - 5*x(i). List the prime factors of z(-11).
7
Suppose -4*i = -2*i - 12. List the prime factors of i.
2, 3
Suppose 2*a + 2*k = 44, 50 = 2*a - 2*k + 14. Suppose -z - 2*z - 2*y + 29 = 0, 4*y + a = 0. Let w = -8 + z. What are the prime factors of w?
5
Suppose a - 6*a = -300. Let x be 4/10 - 39/(-15). Suppose -2*d - 33 = -x*d - 5*l, -5*d - 4*l = -a. List the prime factors of d.
2
Suppose 39 = -r + 2*r. List the prime factors of r.
3, 13
What are the prime factors of (-780)/(-5) + (5 - 0)?
7, 23
Suppose -25 = 5*f, 2*o - 5*f = 6*o - 447. List the prime factors of o.
2, 59
Suppose -5*a + 42 = -163. What are the prime factors of a?
41
List the prime factors of (1 + (-1)/(-3))*3.
2
Suppose -u = -4*k - 5, k - 4 = -2*u - 3*u. Suppose -5*s = -4*v - 7, 5*v - 7*v - 36 = 4*s. List the prime factors of (-4)/(2/v*u).
2
Let x(l) = l**2 - 3*l + 2. Let u be x(3). Suppose u*j + 33 = 5*j. Suppose s - j = 3. What are the prime factors of s?
2, 7
Let t(k) = 4*k + 74. What are the prime factors of t(-6)?
2, 5
Let r(f) = -f - 2. Let a be r(-4). Let l be ((-1)/a)/((-4)/(-24)). List the prime factors of (2/l)/((-3)/36).
2
Suppose 0 = -p - 3*f + 71, -5*f = 4*p - 2*f - 284. List the prime factors of p.
71
Let w = -52 + 88. What are the prime factors of w?
2, 3
Let c = 101 - -182. List the prime factors of c.
283
Let z be (-16)/6*(-57)/(-4). Let r = z + 113. Suppose 0 = 5*q + 4*i - r - 51, 3*q - 74 = -2*i. List the prime factors of q.
2, 11
Let n be ((-12)/(-2))/3 + 7. Let s = n - -3. List the prime factors of s.
2, 3
Let w(r) = -r**2 + 8*r + 5. List the prime factors of w(8).
5
List the prime factors of (43 - 4/(-4)) + 0.
2, 11
List the prime factors of 48/28*63/6.
2, 3
Suppose 5*f = -2*u - 62 - 32, -u - 37 = 2*f. Let d = -29 - f. Let h = 20 + d. List the prime factors of h.
11
Suppose 3*g - 258 - 99 = 0. What are the prime factors of g?
7, 17
Let i(f) = f**3 + 4*f**2 - f - 3. Let h(n) = 4*n + 1. Let w(q) = -q**3 - 2*q**2 + q + 1. Let d be w(-1). Let u be h(d). What are the prime factors of i(u)?
3
Let o = 10 + -5. Suppose o*r + 55 = 7*l - 2*l, r - 4 = 0. List the prime factors of l.
3, 5
List the prime factors of 508/20 - 9/(-15).
2, 13
Suppose 0*h = -3*h - 12. Let p = 1 + h. What are the prime factors of (1 - (p - 0)) + -1?
3
Let d(j) = -2*j**2 - 2*j + 0*j + 0*j. Let i be d(-2). List the prime factors of 11/4 - 1/i.
3
Let g(c) = c**3 - 4*c**2 + 3*c + 4. Let a be g(3). Suppose 12 = i - a*w, 7*i - 108 = 2*i - 4*w. List the prime factors of i.
2, 5
Let n(l) be the first derivative of -7*l**4/4 - l**2/2 - l + 1. What are the prime factors of n(-1)?
7
Let d be ((-18)/30)/((-1)/10). List the prime factors of ((-10)/6)/((-1)/d).
2, 5
Suppose -5*q + m + 398 = -0*q, -2*m = 2*q - 152. What are the prime factors of q?
79
Suppose -5*n + 92 = 4*k - 110, -2*k = -3*n + 130. What are the prime factors of n?
2, 3, 7
Let d(n) = n**3 + 7*n**2 - 7*n + 11. Let q be d(-8). Suppose -14 = -q*s + 10. List the prime factors of s.
2
Let t = 63 + -25. What are the prime factors of t?
2, 19
Suppose 0 = p + 3*p. Suppose -5*a = -p*a. Suppose a*u + 2*u = 18. List the prime factors of u.
3
Suppose y = -0*y + 5. Let z(n) = n**3 - 4*n**2 - 3*n. List the prime factors of z(y).
2, 5
Let h be (-3)/((-3)/(-28)*-2). Let z(o) = -o**3 + 3*o**2 - o + 1. Let f be z(2). Let b = h - f. What are the prime factors of b?
11
Let j = 6 + -3. Let g(n) = -n**2 + n**j + 5 - 2 - 2*n + 2*n**3. List the prime factors of g(2).
19
What are the prime factors of -12*(-4)/8*43?
2, 3, 43
Suppose 0 = 3*z - 2*f - 18, 0 = 4*z - 4*f - 28 + 4. What are the prime factors of 5*(-1)/((-3)/z)?
2, 5
Suppose -3*i + 24 = -5*m, -i + 3*m + 9 = m. Suppose 3 = -i*r + 24. What are the prime factors of r?
7
Let g(m) = -m**3 + 6*m**2 - 4*m - 3. Suppose 0 = 5*a - 17 - 8. What are the prime factors of g(a)?
2
Let z(k) = 2 + 7*k - k**3 - 9 - 8*k**2 - k**3 + 3*k**3. Let c be z(7). Let h = c + 14. List the prime factors of h.
7
Suppose -6*i = -2*i - 180. Suppose 145 = 4*k + i. List the prime factors of k.
5
Suppose 3*g - 8*g + 1005 = 0. What are the prime factors of g?
3, 67
List the prime factors of 18/12*(-10)/3*-39.
3, 5, 13
Let i(l) = 41*l**2 - 3*l - 2. What are the prime factors of i(-2)?
2, 3, 7
Suppose -4*b = -2*a + 20, -5*a + 3*b = -0 - 29. Let n(q) be the second derivative of q**3/3 + 3*q**2/2 + q. List the prime factors of n(a).
11
Suppose -3*q + 4*f + 758 = 6*f, 1004 = 4*q - 4*f. List the prime factors of q.
2, 3, 7
Let a = -102 + 260. What are the prime factors of a?
2, 79
Suppose -3 = -y - 2*j, 5*j = -3*y + y + 6. Let z(k) = 2*k + 4. Let r(s) = 5*s + 9. Let f(c) = y*r(c) - 7*z(c). List the prime factors of f(11).
2, 5
Let f = -11 - -11. Suppose x = 2 - f. List the prime factors of x.
2
Let f(u) = u**2 - 6*u - 1. List the prime factors of f(-6).
71
List the prime factors of 104/(-3)*99/(-44).
2, 3, 13
Let q(f) = -4*f - 2. List the prime factors of q(-12).
2, 23
Suppose 3*t + d = 8, 0*d = -2*t + 4*d + 24. Suppose -35 = -t*k + 17. Suppose 2*g = k + 7. List the prime factors of g.
2, 5
Suppose -r + 66 = n, 12*r - 9*r - 3*n = 186. What are the prime factors of r?
2
Suppose 4*b - 3 = -23. Let o = -2 - b. What are the prime factors of o?
3
Let z(g) = 5*g**2 + g. Suppose -5*c = 6 - 1. List the prime factors of z(c).
2
Let s = 7 + -4. Let k = s + -5. List the prime factors of (3/(-2) + k)*-2.
7
Suppose -4*y - y = 5*d - 535, y + 2*d - 104 = 0. Suppose -7*c + 2*c + y = 0. What are the prime factors of c?
2, 11
Let m = 45 - -1. Suppose 2*f = -3*q + 6, -3*q + 1 = 3*f - 5. Suppose f*n - 3*j + 29 = 2*n, 5*j = -3*n + m. What are the prime factors of n?
7
List the prime factors of (-1)/(-5) + 1288/35.
37
Suppose 2*i - 118 = -3*m + 106, 3*m = 2*i - 248. What are the prime factors of i?
2, 59
Suppose 3 = -2*k - 2*k - 3*g, 0 = -3*k + 2*g + 19. What are the prime factors of k/(-4) + 855/20?
2, 3, 7
Let x = -6 - -10. Let p be x - (-2)/(4/2). Suppose 0 = -p*b - 5*s - 15, b = -s - 3*s - 18. What are the prime factors of b?
2
Suppose -27 = -3*a - 0*a. Suppose -a - 36 = -3*c. Suppose -z - 4 = -c. What are the prime factors of z?
11
Suppose -3*s + 30 = -5*r + 2*s, -3*r - 4*s = 4. Let d = 25 - r. List the prime factors of d.
29
Suppose -4*p = -x + 6*x - 1280, 0 = p. What are the prime factors of x?
2
Let u be 0/(-2 + 3/(-3)). Suppose u = r - 5*r + 52. What are the prime factors of r?
13
Let m(k) = 61*k - 47. What are the prime factors of m(5)?
2, 3, 43
Let s(y) = 8*y + 35. List the prime factors of s(7).
7, 13
Suppose -2*g - 20 = -4*h, 16 = 5*h - 5*g - 9. Suppose 2*x + 21 = h*x. List the prime factors of x.
7
Suppose 6*h - 3*h + 6 = 0. Let z = 6 + h. List the prime factors of z.
2
Let h = 13 + -8. Suppose 5*n - 25 = h. List the prime factors of n.
2, 3
Suppose 0 = -5*j + 3*s + 36, j = 6*j - 4*s - 38. Suppose m + 0*m = j. Suppose m*k - 30 = k. List the prime factors of k.
2, 3
Let x = -9 - -6. Let q be (2*x/6)/1. List the prime factors of (2 + q)/((-1)/(-3)).
3
Suppose m - 5 = d, 3*d + 5 + 15 = 4*m. Suppose -4*h + 0*h = d. Suppose h - 4 = -p. What are the prime factors of p?
2
Let s(b) = -3*b + 3. What are the prime factors of s(-9)?
2, 3, 5
Let t(q) = q**2 + 3*q - 9. List the prime factors of t(6).
3, 5
Let v(i) = i**3 - 6*i**2 + 3*i - 7. Let x be v(6). Let a = -7 + x. List the prime factors of a.
2
Suppose -10*h = 2*o - 5*h - 568, 4*h = 5*o - 1387. What are the prime factors of o?
3, 31
Suppose 5*u + 11 = 996. List the prime factors of u.
197
Suppose 4*t - 5 - 379 = 0. Suppose t = -g + 5*g. List the prime factors of g.
2, 3
Let o = 27 - -15. List the prime factors of o.
2, 3, 7
Let d(t) = 20*t + 40. Let r(m) = -4*m - 8. Let o(v) = -3*d(v) - 14*r(v). What are the prime factors of o(-4)?
2
Suppose 0 = -125*w + 127*w - 734. List the prime factors of w.
367
Let u = 3 - 3. Suppose 4*g + 8 = -2*c, 2*g + 4*c - 2 + 0 = u. Let v = g + 8. List the prime factors